1*l - 159. Let i be k(-29). What is the highest common divisor of i and 4598?
22
Suppose -21*f + g + 2993 = -19*f, 5 = -5*g. Calculate the highest common factor of f and 231.
11
Let g be (2 - (-24)/(-20))/((-6)/(-15)). Suppose -g*r - 3*w + 44 = 0, 3*w + w - 8 = 0. What is the highest common factor of r and 475?
19
Suppose -4*r - 1253 = -p, r - 5075 = -4*p - 4*r. Calculate the greatest common factor of p and 92.
23
Let c be (10 - -212 - -9) + 1 - -8. Calculate the highest common divisor of 75 and c.
15
Suppose -2*x = -q + 5107, -72*q + 70*q - 2*x = -10244. Calculate the highest common divisor of q and 119.
119
Let p(r) = r**2 + 8*r + 15. Let d be p(-6). Suppose 9*s - 13*s = 5*j - 147, -4*j + 5*s = -93. Calculate the greatest common factor of d and j.
3
Let t = -2909 + 3029. Calculate the highest common divisor of 1640 and t.
40
Let y(t) = -17 + 12*t + 3*t + 8*t. Let l be y(6). Let a = l + -72. What is the greatest common divisor of a and 7?
7
Let h = 47 - 17. Suppose -20*d + 22*d + h = 0. Let s be (-5)/(d/54) - 2. Calculate the greatest common factor of 24 and s.
8
Let w = 99 - 87. Suppose -w - 4 = -4*z. Suppose -5*l + 838 = z*r - 3*l, -5*r = -5*l - 1040. Calculate the greatest common divisor of 19 and r.
19
Let z(x) = -16*x**2 - 22*x - 83. Let p be z(-6). Let j = -514 - p. What is the greatest common factor of j and 325?
13
Suppose -5*v + 3*v - 20 = -5*w, 4 = -4*v + w. Suppose v*u - 160 = -16*u. What is the highest common factor of u and 10?
10
Let k(i) = i + 18. Let d be k(-16). Suppose -7*w + 27 = d*w. Suppose -w*l + 84 + 0 = 0. Calculate the greatest common divisor of 140 and l.
28
Suppose -4*i = 4*w - 392, -2*i = -3*w + 795 - 951. Calculate the highest common factor of i and 1600.
10
Suppose 4*b + m = 9*b + 38, 2*b + 8 = -2*m. Let k be (64/2)/((-14)/b). Calculate the greatest common factor of 76 and k.
4
Let k = -37574 - -40719. What is the greatest common factor of 34 and k?
17
Let p be -5 - 1/((30/(-2766))/5). Suppose -4*i + 508 + 700 = 0. Let a = p - i. Calculate the highest common divisor of 22 and a.
22
Suppose -18*b + 17*b = -2. Let x(d) = 13*d**2 + d - 6. Let u be x(b). Suppose 6*m - u = 4*m. Calculate the highest common divisor of m and 4.
4
Let n(x) = -39*x - 13. Let u be n(-4). Let z = 671 + -606. Calculate the highest common divisor of z and u.
13
Let a be ((-8)/4)/((-32)/144). Let y be -3 + (-4)/((-12)/441). Calculate the highest common factor of y and a.
9
Suppose 61 = 32*o - 3. Suppose -4*k - o*w = -620, 4*w = 3*k - w - 439. What is the greatest common factor of k and 34?
17
Let l = -51 + 71. Let f(x) = 8*x + 76. Let y be f(-13). Let p be (450/63)/(-4*1/y). Calculate the greatest common divisor of p and l.
10
Suppose 0 = 4*n + 4*j - 2852, -3*j - 2859 = 96*n - 100*n. What is the highest common factor of 378 and n?
42
Suppose 2*c + 23 = -1. Let u = 189 - 187. Let q = u - c. Calculate the greatest common factor of 126 and q.
14
Suppose -l - 5*s + 52 = -0*s, -4*l + 157 = 3*s. Suppose l*w = 36*w + 80. Calculate the greatest common divisor of w and 30.
10
Suppose 207*c + 8765 = 26567. Calculate the highest common divisor of 5633 and c.
43
Let b(y) = y**3 - 3*y**2 + 11*y + 3. Suppose 2*j - 3*w = -5, 5*j + 5*w - 62 = -12. Let o be b(j). Calculate the highest common divisor of o and 81.
27
Let z(o) = o**3 + 25*o**2 - 91*o + 18. Let f be z(17). Calculate the highest common factor of f and 412.
103
Let v(k) be the second derivative of -7*k**3/3 + 155*k**2/2 + 173*k. Let y be v(11). What is the greatest common divisor of 5 and y?
1
Let a(r) = 157*r + 3082. Let x be a(-14). What is the highest common divisor of 104 and x?
52
Let a be (-18)/(-45) + (-16)/(-10) - -349. Let i = 119 - 80. Calculate the highest common divisor of i and a.
39
Suppose -40*p = -38*p - 25124. Calculate the greatest common factor of 22 and p.
22
Let a(m) = -7*m + 9. Let k be a(15). Let w = -40 - k. Calculate the greatest common factor of 64 and w.
8
Let s = 15 + 5. Suppose -s*u + 6 = -17*u. Suppose 5*o - 15 = -i + u*i, 2*o - 30 = -2*i. Calculate the highest common divisor of 15 and i.
5
Let y = 6642 - 5350. What is the highest common factor of y and 68?
68
Let i = 1 - -5. Suppose -a + 96 = h, -2*a - 4*h + 190 - 10 = 0. Calculate the greatest common divisor of i and a.
6
Let o(c) = 3*c**3 - 32*c**2 - 12*c + 35. Let j be o(11). Calculate the highest common factor of 1908 and j.
12
Let h = -10246 + 10271. What is the highest common divisor of 1875 and h?
25
Let x(z) = -31*z + 7. Suppose 2*d + 2*j = -12, 2*d + 3 = j - 0. Let i be x(d). Calculate the highest common divisor of 20 and i.
20
Let o(y) = -29*y - 1. Let b be o(-1). Let t be (-624)/(-2) + -13 + (-25 - -34). Calculate the highest common factor of t and b.
28
Let c be (10/(-6) - -1)*72/16. Let w be (90/24 + c)*20*17. Calculate the greatest common divisor of 51 and w.
51
Suppose 5*n - 633 = 3*i + 4202, 0 = -3*n + 4*i + 2890. Suppose -4*x = 74 - n. Calculate the highest common factor of x and 280.
56
Let z = 56 + -30. Let x = 2387 + -2335. What is the greatest common factor of x and z?
26
Suppose -2*j + 17*d + 2441 = 0, -6*d = -4*j - 4*d + 4658. Calculate the greatest common factor of 1419 and j.
129
Suppose -4*p = -961 + 937. Let f be (-3 + 17)/2 - 1*-1. What is the greatest common divisor of p and f?
2
Let n = -18451 + 19704. What is the highest common divisor of 3580 and n?
179
Let w(b) = -554*b**3 - 9*b**2 + 16*b + 61. Let k be w(-2). What is the greatest common divisor of 75 and k?
75
Let x be -25*(-9)/45 + 550. Calculate the greatest common factor of x and 2109.
111
Let i(o) = -o + 16. Let u be i(13). Suppose 0 = -3*v + u*m + 360, 591 = 5*v - 12*m + 10*m. What is the greatest common factor of 78 and v?
39
Suppose 41 - 19 = r. Suppose 58*u - 59*u + 154 = 0. What is the greatest common divisor of r and u?
22
Let z be (126/(-56))/((-1)/92). Let r(j) = j**3 + j**2 - 2*j + 1243. Let q be r(0). Let m be 4/10 - q/(-55). Calculate the greatest common factor of m and z.
23
Let x(k) = 3*k**3 - 29*k**2 - 22*k + 66. Let z be x(12). What is the highest common divisor of 55 and z?
5
Let i(j) = -j + 4. Let x be (-1)/((-10)/(-66)) - 6/(-10). Let r be i(x). Let t be 8/r*-30*4/(-4). What is the highest common divisor of t and 60?
12
Let f = 296 - 294. Suppose 3*n + 95 = 2*r + f*n, 2*n = 2*r - 92. Calculate the greatest common factor of 245 and r.
49
Let w be 8*(-48)/4 + 1. Let y = w - -117. What is the highest common factor of y and 330?
22
Let j(q) be the first derivative of q**4/4 + 7*q**3/3 + 3*q**2 + 2. Let l be j(-6). Suppose l = -3*m + 9 + 63. Calculate the greatest common factor of m and 6.
6
Let s be ((-13 - -10)*(-176)/(-12))/(-2). Let u = -27 - -60. Calculate the greatest common factor of u and s.
11
Suppose 48*m - 120 - 68 = m. Let j = 264 - 130. Suppose 0 = 2*a - q - 2*q - 87, 4*a + 2*q = j. Calculate the highest common factor of a and m.
4
Let m(j) = 1992*j**3 - 2*j**2 - 29*j + 25. Let z be m(2). Calculate the highest common factor of 374 and z.
187
Let l = -174 - -179. Suppose l*n - 475 = s, -5*s = 8 - 33. What is the greatest common factor of 144 and n?
48
Suppose 13*q - 16*q + 324 = 4*s, 2*q - 5*s - 170 = 0. Calculate the highest common divisor of q and 2160.
20
Suppose 15 = 2*j + j. Let q = j + -3. Let r = 3434 - 3426. Calculate the greatest common divisor of r and q.
2
Let h = -276 + 360. What is the highest common divisor of 315 and h?
21
Let d(k) = -3317*k - 1469. Let t be d(-2). What is the highest common factor of 5 and t?
5
Let o(j) be the first derivative of -j**4/4 - 17*j**3/3 - 7*j**2 + 43*j + 31. Let m be o(-16). Calculate the highest common divisor of m and 11.
11
Suppose 2190 = 4*z + 3*c + 1693, z + 4*c = 147. Let l be 2/(-3) + (-53)/(-3). What is the greatest common factor of l and z?
17
Let s(r) = -411*r**3 + 2*r**2 + 27*r + 28. Let j be s(-1). What is the highest common divisor of j and 782?
46
Suppose -249*b + 238658 = 231*b + 43778. Calculate the highest common divisor of 1102 and b.
58
Let a(q) = 2*q**2 - 115*q + 483. Let s be a(4). What is the greatest common factor of s and 310?
5
Suppose -19*w + 231 = -12*w. Suppose -4*m = 2*r - 186, 3*m - 3*r - 14 = 103. Calculate the greatest common factor of m and w.
11
Suppose 83*v - 79*v = 420. Let t be ((-434)/56 - -13)/((-1)/(-4)). Calculate th